{"version":"1.0","provider_name":"Agenki - Gesundheitsforum","provider_url":"https:\/\/www.agenki.de\/gesundheitsforum","author_name":"nightflight","author_url":"https:\/\/www.agenki.de\/gesundheitsforum\/author\/nightflight\/","title":"Akne \/ Darm Zusammenhang? - Agenki - Gesundheitsforum","type":"rich","width":600,"height":338,"html":"<blockquote class=\"wp-embedded-content\" data-secret=\"wlNAG1Pj0B\"><a href=\"https:\/\/www.agenki.de\/gesundheitsforum\/thema\/akne-darm-zusammenhang\/\">Akne \/ Darm Zusammenhang?<\/a><\/blockquote><iframe sandbox=\"allow-scripts\" security=\"restricted\" src=\"https:\/\/www.agenki.de\/gesundheitsforum\/thema\/akne-darm-zusammenhang\/embed\/#?secret=wlNAG1Pj0B\" width=\"600\" height=\"338\" title=\"&#8222;Akne \/ Darm Zusammenhang?&#8220; &#8211; Agenki - Gesundheitsforum\" data-secret=\"wlNAG1Pj0B\" frameborder=\"0\" marginwidth=\"0\" marginheight=\"0\" scrolling=\"no\" class=\"wp-embedded-content\"><\/iframe><script>\n\/*! This file is auto-generated *\/\n!function(d,l){\"use strict\";l.querySelector&&d.addEventListener&&\"undefined\"!=typeof URL&&(d.wp=d.wp||{},d.wp.receiveEmbedMessage||(d.wp.receiveEmbedMessage=function(e){var t=e.data;if((t||t.secret||t.message||t.value)&&!\/[^a-zA-Z0-9]\/.test(t.secret)){for(var s,r,n,a=l.querySelectorAll('iframe[data-secret=\"'+t.secret+'\"]'),o=l.querySelectorAll('blockquote[data-secret=\"'+t.secret+'\"]'),c=new RegExp(\"^https?:$\",\"i\"),i=0;i<o.length;i++)o[i].style.display=\"none\";for(i=0;i<a.length;i++)s=a[i],e.source===s.contentWindow&&(s.removeAttribute(\"style\"),\"height\"===t.message?(1e3<(r=parseInt(t.value,10))?r=1e3:~~r<200&&(r=200),s.height=r):\"link\"===t.message&&(r=new URL(s.getAttribute(\"src\")),n=new URL(t.value),c.test(n.protocol))&&n.host===r.host&&l.activeElement===s&&(d.top.location.href=t.value))}},d.addEventListener(\"message\",d.wp.receiveEmbedMessage,!1),l.addEventListener(\"DOMContentLoaded\",function(){for(var e,t,s=l.querySelectorAll(\"iframe.wp-embedded-content\"),r=0;r<s.length;r++)(t=(e=s[r]).getAttribute(\"data-secret\"))||(t=Math.random().toString(36).substring(2,12),e.src+=\"#?secret=\"+t,e.setAttribute(\"data-secret\",t)),e.contentWindow.postMessage({message:\"ready\",secret:t},\"*\")},!1)))}(window,document);\n<\/script>\n","description":"Durch Zufall bin ich auf dieses Forum gesto\u00dfen und finde es sehr interessant. Das Thema wurde schon h\u00e4ufiger angesprochen, auch ich leider unter Akne, durchgehend seit meiner Pubert\u00e4t. Ich bin jetzt fast 29 Jahre alt, weiblich und normalgewichtig (falls das von Belang ist). Ich nehme an, da\u00df meine Neigung zur Akne (leicht bis mittelschwer) vererbt&hellip;"}

Durch Zufall bin ich auf dieses Forum gestoßen und finde es sehr interessant. Das Thema wurde schon häufiger angesprochen, auch ich leider unter Akne, durchgehend seit meiner Pubertät. Ich bin jetzt fast 29 Jahre alt, weiblich und normalgewichtig (falls das von Belang ist). Ich nehme an, daß meine Neigung zur Akne (leicht bis mittelschwer) vererbt&hellip;
