{"version":"1.0","provider_name":"Agenki - Gesundheitsforum","provider_url":"https:\/\/www.agenki.de\/gesundheitsforum","author_name":"lilli500","author_url":"https:\/\/www.agenki.de\/gesundheitsforum\/author\/lilli500\/","title":"demodex creme und Body Bath Wash demodex - Agenki - Gesundheitsforum","type":"rich","width":600,"height":338,"html":"<blockquote class=\"wp-embedded-content\" data-secret=\"16tm9aWYUp\"><a href=\"https:\/\/www.agenki.de\/gesundheitsforum\/thema\/demodex-creme-und-body-bath-wash-demodex\/\">demodex creme und Body Bath Wash demodex<\/a><\/blockquote><iframe sandbox=\"allow-scripts\" security=\"restricted\" src=\"https:\/\/www.agenki.de\/gesundheitsforum\/thema\/demodex-creme-und-body-bath-wash-demodex\/embed\/#?secret=16tm9aWYUp\" width=\"600\" height=\"338\" title=\"&#8222;demodex creme und Body Bath Wash demodex&#8220; &#8211; Agenki - Gesundheitsforum\" data-secret=\"16tm9aWYUp\" frameborder=\"0\" marginwidth=\"0\" marginheight=\"0\" scrolling=\"no\" class=\"wp-embedded-content\"><\/iframe><script>\n\/*! This file is auto-generated *\/\n!function(d,l){\"use strict\";l.querySelector&&d.addEventListener&&\"undefined\"!=typeof URL&&(d.wp=d.wp||{},d.wp.receiveEmbedMessage||(d.wp.receiveEmbedMessage=function(e){var t=e.data;if((t||t.secret||t.message||t.value)&&!\/[^a-zA-Z0-9]\/.test(t.secret)){for(var s,r,n,a=l.querySelectorAll('iframe[data-secret=\"'+t.secret+'\"]'),o=l.querySelectorAll('blockquote[data-secret=\"'+t.secret+'\"]'),c=new RegExp(\"^https?:$\",\"i\"),i=0;i<o.length;i++)o[i].style.display=\"none\";for(i=0;i<a.length;i++)s=a[i],e.source===s.contentWindow&&(s.removeAttribute(\"style\"),\"height\"===t.message?(1e3<(r=parseInt(t.value,10))?r=1e3:~~r<200&&(r=200),s.height=r):\"link\"===t.message&&(r=new URL(s.getAttribute(\"src\")),n=new URL(t.value),c.test(n.protocol))&&n.host===r.host&&l.activeElement===s&&(d.top.location.href=t.value))}},d.addEventListener(\"message\",d.wp.receiveEmbedMessage,!1),l.addEventListener(\"DOMContentLoaded\",function(){for(var e,t,s=l.querySelectorAll(\"iframe.wp-embedded-content\"),r=0;r<s.length;r++)(t=(e=s[r]).getAttribute(\"data-secret\"))||(t=Math.random().toString(36).substring(2,12),e.src+=\"#?secret=\"+t,e.setAttribute(\"data-secret\",t)),e.contentWindow.postMessage({message:\"ready\",secret:t},\"*\")},!1)))}(window,document);\n<\/script>\n","description":"Sehr geehrter Herr Golenhofen, 1. meine Akne ist nun langsam im Gesicht fast weg wie ich bereits geschrieben habe. Au\u00dfer das ich um die Nasenfl\u00fcgel noch vergr\u00f6\u00dferte Poren habe und diese nur sehr langsam zur\u00fcckgehen. Da wollte ich fragen haben Sie vielleicht noch ein anderes Mittel kennen um die Poren vekleinern? 2. Auch schmiere ich&hellip;"}

Sehr geehrter Herr Golenhofen, 1. meine Akne ist nun langsam im Gesicht fast weg wie ich bereits geschrieben habe. Außer das ich um die Nasenflügel noch vergrößerte Poren habe und diese nur sehr langsam zurückgehen. Da wollte ich fragen haben Sie vielleicht noch ein anderes Mittel kennen um die Poren vekleinern? 2. Auch schmiere ich&hellip;
