{"version":"1.0","provider_name":"Agenki - Gesundheitsforum","provider_url":"https:\/\/www.agenki.de\/gesundheitsforum","author_name":"andi","author_url":"https:\/\/www.agenki.de\/gesundheitsforum\/author\/andi\/","title":"Dysbakterie und Darmentz\u00fcndung - wie behandeln? - Agenki - Gesundheitsforum","type":"rich","width":600,"height":338,"html":"<blockquote class=\"wp-embedded-content\" data-secret=\"rlc7Gb3iRn\"><a href=\"https:\/\/www.agenki.de\/gesundheitsforum\/thema\/dysbakterie-und-darmentzundung-wie-behandeln\/\">Dysbakterie und Darmentz\u00fcndung &#8211; wie behandeln?<\/a><\/blockquote><iframe sandbox=\"allow-scripts\" security=\"restricted\" src=\"https:\/\/www.agenki.de\/gesundheitsforum\/thema\/dysbakterie-und-darmentzundung-wie-behandeln\/embed\/#?secret=rlc7Gb3iRn\" width=\"600\" height=\"338\" title=\"&#8222;Dysbakterie und Darmentz\u00fcndung &#8211; wie behandeln?&#8220; &#8211; Agenki - Gesundheitsforum\" data-secret=\"rlc7Gb3iRn\" frameborder=\"0\" marginwidth=\"0\" marginheight=\"0\" scrolling=\"no\" class=\"wp-embedded-content\"><\/iframe><script>\n\/*! This file is auto-generated *\/\n!function(d,l){\"use strict\";l.querySelector&&d.addEventListener&&\"undefined\"!=typeof URL&&(d.wp=d.wp||{},d.wp.receiveEmbedMessage||(d.wp.receiveEmbedMessage=function(e){var t=e.data;if((t||t.secret||t.message||t.value)&&!\/[^a-zA-Z0-9]\/.test(t.secret)){for(var s,r,n,a=l.querySelectorAll('iframe[data-secret=\"'+t.secret+'\"]'),o=l.querySelectorAll('blockquote[data-secret=\"'+t.secret+'\"]'),c=new RegExp(\"^https?:$\",\"i\"),i=0;i<o.length;i++)o[i].style.display=\"none\";for(i=0;i<a.length;i++)s=a[i],e.source===s.contentWindow&&(s.removeAttribute(\"style\"),\"height\"===t.message?(1e3<(r=parseInt(t.value,10))?r=1e3:~~r<200&&(r=200),s.height=r):\"link\"===t.message&&(r=new URL(s.getAttribute(\"src\")),n=new URL(t.value),c.test(n.protocol))&&n.host===r.host&&l.activeElement===s&&(d.top.location.href=t.value))}},d.addEventListener(\"message\",d.wp.receiveEmbedMessage,!1),l.addEventListener(\"DOMContentLoaded\",function(){for(var e,t,s=l.querySelectorAll(\"iframe.wp-embedded-content\"),r=0;r<s.length;r++)(t=(e=s[r]).getAttribute(\"data-secret\"))||(t=Math.random().toString(36).substring(2,12),e.src+=\"#?secret=\"+t,e.setAttribute(\"data-secret\",t)),e.contentWindow.postMessage({message:\"ready\",secret:t},\"*\")},!1)))}(window,document);\n<\/script>\n","description":"Sehr geehrter Herr Golenhofen, nachdem ich schon einige Zeit hier im Forum die Diskussionen mitverfolge und ich Ihre Tipps sehr hilfreich finde, m\u00f6chte ich mich mit meinem Problem an Sie wenden, da mir bisher niemand helfen konnte. Seit Anfang des Jahres habe ich Probleme mit meinem Darm. Dies \u00e4u\u00dfert sich durch einen starken Bl\u00e4hbauch ohne&hellip;"}

Dysbakterie und Darmentzündung - wie behandeln? - Agenki - Gesundheitsforum

<blockquote class="wp-embedded-content" data-secret="rlc7Gb3iRn"><a href="https://www.agenki.de/gesundheitsforum/thema/dysbakterie-und-darmentzundung-wie-behandeln/">Dysbakterie und Darmentzündung &#8211; wie behandeln?</a></blockquote><iframe sandbox="allow-scripts" security="restricted" src="https://www.agenki.de/gesundheitsforum/thema/dysbakterie-und-darmentzundung-wie-behandeln/embed/#?secret=rlc7Gb3iRn" width="600" height="338" title="&#8222;Dysbakterie und Darmentzündung &#8211; wie behandeln?&#8220; &#8211; Agenki - Gesundheitsforum" data-secret="rlc7Gb3iRn" frameborder="0" marginwidth="0" marginheight="0" scrolling="no" class="wp-embedded-content"></iframe><script>
/*! This file is auto-generated */
!function(d,l){"use strict";l.querySelector&&d.addEventListener&&"undefined"!=typeof URL&&(d.wp=d.wp||{},d.wp.receiveEmbedMessage||(d.wp.receiveEmbedMessage=function(e){var t=e.data;if((t||t.secret||t.message||t.value)&&!/[^a-zA-Z0-9]/.test(t.secret)){for(var s,r,n,a=l.querySelectorAll('iframe[data-secret="'+t.secret+'"]'),o=l.querySelectorAll('blockquote[data-secret="'+t.secret+'"]'),c=new RegExp("^https?:$","i"),i=0;i<o.length;i++)o[i].style.display="none";for(i=0;i<a.length;i++)s=a[i],e.source===s.contentWindow&&(s.removeAttribute("style"),"height"===t.message?(1e3<(r=parseInt(t.value,10))?r=1e3:~~r<200&&(r=200),s.height=r):"link"===t.message&&(r=new URL(s.getAttribute("src")),n=new URL(t.value),c.test(n.protocol))&&n.host===r.host&&l.activeElement===s&&(d.top.location.href=t.value))}},d.addEventListener("message",d.wp.receiveEmbedMessage,!1),l.addEventListener("DOMContentLoaded",function(){for(var e,t,s=l.querySelectorAll("iframe.wp-embedded-content"),r=0;r<s.length;r++)(t=(e=s[r]).getAttribute("data-secret"))||(t=Math.random().toString(36).substring(2,12),e.src+="#?secret="+t,e.setAttribute("data-secret",t)),e.contentWindow.postMessage({message:"ready",secret:t},"*")},!1)))}(window,document);
</script>

Sehr geehrter Herr Golenhofen, nachdem ich schon einige Zeit hier im Forum die Diskussionen mitverfolge und ich Ihre Tipps sehr hilfreich finde, möchte ich mich mit meinem Problem an Sie wenden, da mir bisher niemand helfen konnte. Seit Anfang des Jahres habe ich Probleme mit meinem Darm. Dies äußert sich durch einen starken Blähbauch ohne&hellip;
