{"version":"1.0","provider_name":"Agenki - Gesundheitsforum","provider_url":"https:\/\/www.agenki.de\/gesundheitsforum","author_name":"pascal1985","author_url":"https:\/\/www.agenki.de\/gesundheitsforum\/author\/pascal1985\/","title":"Ern\u00e4hrung bei neurodermitis - Agenki - Gesundheitsforum","type":"rich","width":600,"height":338,"html":"<blockquote class=\"wp-embedded-content\" data-secret=\"O8Zm60Lfpn\"><a href=\"https:\/\/www.agenki.de\/gesundheitsforum\/thema\/ernahrung-bei-neurodermitis\/\">Ern\u00e4hrung bei neurodermitis<\/a><\/blockquote><iframe sandbox=\"allow-scripts\" security=\"restricted\" src=\"https:\/\/www.agenki.de\/gesundheitsforum\/thema\/ernahrung-bei-neurodermitis\/embed\/#?secret=O8Zm60Lfpn\" width=\"600\" height=\"338\" title=\"&#8222;Ern\u00e4hrung bei neurodermitis&#8220; &#8211; Agenki - Gesundheitsforum\" data-secret=\"O8Zm60Lfpn\" frameborder=\"0\" marginwidth=\"0\" marginheight=\"0\" scrolling=\"no\" class=\"wp-embedded-content\"><\/iframe><script>\n\/*! This file is auto-generated *\/\n!function(d,l){\"use strict\";l.querySelector&&d.addEventListener&&\"undefined\"!=typeof URL&&(d.wp=d.wp||{},d.wp.receiveEmbedMessage||(d.wp.receiveEmbedMessage=function(e){var t=e.data;if((t||t.secret||t.message||t.value)&&!\/[^a-zA-Z0-9]\/.test(t.secret)){for(var s,r,n,a=l.querySelectorAll('iframe[data-secret=\"'+t.secret+'\"]'),o=l.querySelectorAll('blockquote[data-secret=\"'+t.secret+'\"]'),c=new RegExp(\"^https?:$\",\"i\"),i=0;i<o.length;i++)o[i].style.display=\"none\";for(i=0;i<a.length;i++)s=a[i],e.source===s.contentWindow&&(s.removeAttribute(\"style\"),\"height\"===t.message?(1e3<(r=parseInt(t.value,10))?r=1e3:~~r<200&&(r=200),s.height=r):\"link\"===t.message&&(r=new URL(s.getAttribute(\"src\")),n=new URL(t.value),c.test(n.protocol))&&n.host===r.host&&l.activeElement===s&&(d.top.location.href=t.value))}},d.addEventListener(\"message\",d.wp.receiveEmbedMessage,!1),l.addEventListener(\"DOMContentLoaded\",function(){for(var e,t,s=l.querySelectorAll(\"iframe.wp-embedded-content\"),r=0;r<s.length;r++)(t=(e=s[r]).getAttribute(\"data-secret\"))||(t=Math.random().toString(36).substring(2,12),e.src+=\"#?secret=\"+t,e.setAttribute(\"data-secret\",t)),e.contentWindow.postMessage({message:\"ready\",secret:t},\"*\")},!1)))}(window,document);\n<\/script>\n","description":"Sehr geehrter Herr Dominik Golenhofen Ich leide seit jahren unter Neurodermitis.. Ich ern\u00e4hre mich ziemlich bewusst, seit einiger Zeit vegan und muss sagen dass gerade im Veganismus aber Sojaprodukte, N\u00fcsse und co in gr\u00f6\u00dferen Mengen konsumiert werden, wobei ich mir nicht sicher bin, ob sich das f\u00f6rderlich auf neue Sch\u00fcbe auswirkt, und ich hin und&hellip;"}

Ernährung bei neurodermitis - Agenki - Gesundheitsforum

<blockquote class="wp-embedded-content" data-secret="O8Zm60Lfpn"><a href="https://www.agenki.de/gesundheitsforum/thema/ernahrung-bei-neurodermitis/">Ernährung bei neurodermitis</a></blockquote><iframe sandbox="allow-scripts" security="restricted" src="https://www.agenki.de/gesundheitsforum/thema/ernahrung-bei-neurodermitis/embed/#?secret=O8Zm60Lfpn" width="600" height="338" title="&#8222;Ernährung bei neurodermitis&#8220; &#8211; Agenki - Gesundheitsforum" data-secret="O8Zm60Lfpn" frameborder="0" marginwidth="0" marginheight="0" scrolling="no" class="wp-embedded-content"></iframe><script>
/*! This file is auto-generated */
!function(d,l){"use strict";l.querySelector&&d.addEventListener&&"undefined"!=typeof URL&&(d.wp=d.wp||{},d.wp.receiveEmbedMessage||(d.wp.receiveEmbedMessage=function(e){var t=e.data;if((t||t.secret||t.message||t.value)&&!/[^a-zA-Z0-9]/.test(t.secret)){for(var s,r,n,a=l.querySelectorAll('iframe[data-secret="'+t.secret+'"]'),o=l.querySelectorAll('blockquote[data-secret="'+t.secret+'"]'),c=new RegExp("^https?:$","i"),i=0;i<o.length;i++)o[i].style.display="none";for(i=0;i<a.length;i++)s=a[i],e.source===s.contentWindow&&(s.removeAttribute("style"),"height"===t.message?(1e3<(r=parseInt(t.value,10))?r=1e3:~~r<200&&(r=200),s.height=r):"link"===t.message&&(r=new URL(s.getAttribute("src")),n=new URL(t.value),c.test(n.protocol))&&n.host===r.host&&l.activeElement===s&&(d.top.location.href=t.value))}},d.addEventListener("message",d.wp.receiveEmbedMessage,!1),l.addEventListener("DOMContentLoaded",function(){for(var e,t,s=l.querySelectorAll("iframe.wp-embedded-content"),r=0;r<s.length;r++)(t=(e=s[r]).getAttribute("data-secret"))||(t=Math.random().toString(36).substring(2,12),e.src+="#?secret="+t,e.setAttribute("data-secret",t)),e.contentWindow.postMessage({message:"ready",secret:t},"*")},!1)))}(window,document);
</script>

Sehr geehrter Herr Dominik Golenhofen Ich leide seit jahren unter Neurodermitis.. Ich ernähre mich ziemlich bewusst, seit einiger Zeit vegan und muss sagen dass gerade im Veganismus aber Sojaprodukte, Nüsse und co in größeren Mengen konsumiert werden, wobei ich mir nicht sicher bin, ob sich das förderlich auf neue Schübe auswirkt, und ich hin und&hellip;
