{"version":"1.0","provider_name":"Agenki - Gesundheitsforum","provider_url":"https:\/\/www.agenki.de\/gesundheitsforum","author_name":"","author_url":"https:\/\/www.agenki.de\/gesundheitsforum\/author\/kundenbetreuung\/","title":"FAQ: Befall von Demodexmilben bei Kleinkindern - Agenki - Gesundheitsforum","type":"rich","width":600,"height":338,"html":"<blockquote class=\"wp-embedded-content\" data-secret=\"IYMPY92ugd\"><a href=\"https:\/\/www.agenki.de\/gesundheitsforum\/thema\/faq-befall-von-demodexmilben-bei-kleinkindern\/\">FAQ: Befall von Demodexmilben bei Kleinkindern<\/a><\/blockquote><iframe sandbox=\"allow-scripts\" security=\"restricted\" src=\"https:\/\/www.agenki.de\/gesundheitsforum\/thema\/faq-befall-von-demodexmilben-bei-kleinkindern\/embed\/#?secret=IYMPY92ugd\" width=\"600\" height=\"338\" title=\"&#8222;FAQ: Befall von Demodexmilben bei Kleinkindern&#8220; &#8211; Agenki - Gesundheitsforum\" data-secret=\"IYMPY92ugd\" frameborder=\"0\" marginwidth=\"0\" marginheight=\"0\" scrolling=\"no\" class=\"wp-embedded-content\"><\/iframe><script>\n\/*! This file is auto-generated *\/\n!function(d,l){\"use strict\";l.querySelector&&d.addEventListener&&\"undefined\"!=typeof URL&&(d.wp=d.wp||{},d.wp.receiveEmbedMessage||(d.wp.receiveEmbedMessage=function(e){var t=e.data;if((t||t.secret||t.message||t.value)&&!\/[^a-zA-Z0-9]\/.test(t.secret)){for(var s,r,n,a=l.querySelectorAll('iframe[data-secret=\"'+t.secret+'\"]'),o=l.querySelectorAll('blockquote[data-secret=\"'+t.secret+'\"]'),c=new RegExp(\"^https?:$\",\"i\"),i=0;i<o.length;i++)o[i].style.display=\"none\";for(i=0;i<a.length;i++)s=a[i],e.source===s.contentWindow&&(s.removeAttribute(\"style\"),\"height\"===t.message?(1e3<(r=parseInt(t.value,10))?r=1e3:~~r<200&&(r=200),s.height=r):\"link\"===t.message&&(r=new URL(s.getAttribute(\"src\")),n=new URL(t.value),c.test(n.protocol))&&n.host===r.host&&l.activeElement===s&&(d.top.location.href=t.value))}},d.addEventListener(\"message\",d.wp.receiveEmbedMessage,!1),l.addEventListener(\"DOMContentLoaded\",function(){for(var e,t,s=l.querySelectorAll(\"iframe.wp-embedded-content\"),r=0;r<s.length;r++)(t=(e=s[r]).getAttribute(\"data-secret\"))||(t=Math.random().toString(36).substring(2,12),e.src+=\"#?secret=\"+t,e.setAttribute(\"data-secret\",t)),e.contentWindow.postMessage({message:\"ready\",secret:t},\"*\")},!1)))}(window,document);\n<\/script>\n","description":"Interessantes aus der Schatzkiste von Herrn Golenhofens Antworten. Gru\u00df G.Schmitz 1. Ist die \u00dcbertragung z.B. auf das (stillende) Baby oder Kind m\u00f6glich? Bis jetzt habe ich nur einen wissenschaftlich nachweislichen Befall bei einem 7j\u00e4hrigen M\u00e4dchen gefunden. Gelesen habe ich, dass ein Befall der baby\/kindlichen Gesichtshaut nicht m\u00f6glich sei, da zu wenig Poren resp. Fettproduktion. Antwort:&hellip;"}

Interessantes aus der Schatzkiste von Herrn Golenhofens Antworten. Gruß G.Schmitz 1. Ist die Übertragung z.B. auf das (stillende) Baby oder Kind möglich? Bis jetzt habe ich nur einen wissenschaftlich nachweislichen Befall bei einem 7jährigen Mädchen gefunden. Gelesen habe ich, dass ein Befall der baby/kindlichen Gesichtshaut nicht möglich sei, da zu wenig Poren resp. Fettproduktion. Antwort:&hellip;
