{"version":"1.0","provider_name":"Agenki - Gesundheitsforum","provider_url":"https:\/\/www.agenki.de\/gesundheitsforum","author_name":"josi1988","author_url":"https:\/\/www.agenki.de\/gesundheitsforum\/author\/josi1988\/","title":"Fragen zu Morbus Wegener - Agenki - Gesundheitsforum","type":"rich","width":600,"height":338,"html":"<blockquote class=\"wp-embedded-content\" data-secret=\"IlFGSmwb8A\"><a href=\"https:\/\/www.agenki.de\/gesundheitsforum\/thema\/fragen-zu-morbus-wegener\/\">Fragen zu Morbus Wegener<\/a><\/blockquote><iframe sandbox=\"allow-scripts\" security=\"restricted\" src=\"https:\/\/www.agenki.de\/gesundheitsforum\/thema\/fragen-zu-morbus-wegener\/embed\/#?secret=IlFGSmwb8A\" width=\"600\" height=\"338\" title=\"&#8222;Fragen zu Morbus Wegener&#8220; &#8211; Agenki - Gesundheitsforum\" data-secret=\"IlFGSmwb8A\" frameborder=\"0\" marginwidth=\"0\" marginheight=\"0\" scrolling=\"no\" class=\"wp-embedded-content\"><\/iframe><script>\n\/*! This file is auto-generated *\/\n!function(d,l){\"use strict\";l.querySelector&&d.addEventListener&&\"undefined\"!=typeof URL&&(d.wp=d.wp||{},d.wp.receiveEmbedMessage||(d.wp.receiveEmbedMessage=function(e){var t=e.data;if((t||t.secret||t.message||t.value)&&!\/[^a-zA-Z0-9]\/.test(t.secret)){for(var s,r,n,a=l.querySelectorAll('iframe[data-secret=\"'+t.secret+'\"]'),o=l.querySelectorAll('blockquote[data-secret=\"'+t.secret+'\"]'),c=new RegExp(\"^https?:$\",\"i\"),i=0;i<o.length;i++)o[i].style.display=\"none\";for(i=0;i<a.length;i++)s=a[i],e.source===s.contentWindow&&(s.removeAttribute(\"style\"),\"height\"===t.message?(1e3<(r=parseInt(t.value,10))?r=1e3:~~r<200&&(r=200),s.height=r):\"link\"===t.message&&(r=new URL(s.getAttribute(\"src\")),n=new URL(t.value),c.test(n.protocol))&&n.host===r.host&&l.activeElement===s&&(d.top.location.href=t.value))}},d.addEventListener(\"message\",d.wp.receiveEmbedMessage,!1),l.addEventListener(\"DOMContentLoaded\",function(){for(var e,t,s=l.querySelectorAll(\"iframe.wp-embedded-content\"),r=0;r<s.length;r++)(t=(e=s[r]).getAttribute(\"data-secret\"))||(t=Math.random().toString(36).substring(2,12),e.src+=\"#?secret=\"+t,e.setAttribute(\"data-secret\",t)),e.contentWindow.postMessage({message:\"ready\",secret:t},\"*\")},!1)))}(window,document);\n\/\/# sourceURL=https:\/\/www.agenki.de\/gesundheitsforum\/wp-includes\/js\/wp-embed.min.js\n<\/script>\n","description":"Hallo, ich habe seid M\u00e4rz 2011 Morbus Wegener. Bin jetzt aktuell in meiner 8. Chemo und die 9. ist f\u00fcr n\u00e4chste Woche geplant. Da ich erst 23 bin habe ich meine Leben noch vor mir. Meine \u00c4rzte haben mir bis jetzt leider keine richtigen Angaben gemacht, deswegen wollte ich mich an Sie wenden. Hier meine&hellip;"}

Hallo, ich habe seid März 2011 Morbus Wegener. Bin jetzt aktuell in meiner 8. Chemo und die 9. ist für nächste Woche geplant. Da ich erst 23 bin habe ich meine Leben noch vor mir. Meine Ärzte haben mir bis jetzt leider keine richtigen Angaben gemacht, deswegen wollte ich mich an Sie wenden. Hier meine&hellip;
