{"version":"1.0","provider_name":"Agenki - Gesundheitsforum","provider_url":"https:\/\/www.agenki.de\/gesundheitsforum","author_name":"lars","author_url":"https:\/\/www.agenki.de\/gesundheitsforum\/author\/lars\/","title":"Gelber Zungenbelag Bl\u00e4hungen und oft Breiiger Stuhl - Agenki - Gesundheitsforum","type":"rich","width":600,"height":338,"html":"<blockquote class=\"wp-embedded-content\" data-secret=\"0PNpqavtmI\"><a href=\"https:\/\/www.agenki.de\/gesundheitsforum\/thema\/gelber-zungenbelag-blahungen-und-oft-breiiger-stuhl\/\">Gelber Zungenbelag Bl\u00e4hungen und oft Breiiger Stuhl<\/a><\/blockquote><iframe sandbox=\"allow-scripts\" security=\"restricted\" src=\"https:\/\/www.agenki.de\/gesundheitsforum\/thema\/gelber-zungenbelag-blahungen-und-oft-breiiger-stuhl\/embed\/#?secret=0PNpqavtmI\" width=\"600\" height=\"338\" title=\"&#8222;Gelber Zungenbelag Bl\u00e4hungen und oft Breiiger Stuhl&#8220; &#8211; Agenki - Gesundheitsforum\" data-secret=\"0PNpqavtmI\" frameborder=\"0\" marginwidth=\"0\" marginheight=\"0\" scrolling=\"no\" class=\"wp-embedded-content\"><\/iframe><script>\n\/*! This file is auto-generated *\/\n!function(d,l){\"use strict\";l.querySelector&&d.addEventListener&&\"undefined\"!=typeof URL&&(d.wp=d.wp||{},d.wp.receiveEmbedMessage||(d.wp.receiveEmbedMessage=function(e){var t=e.data;if((t||t.secret||t.message||t.value)&&!\/[^a-zA-Z0-9]\/.test(t.secret)){for(var s,r,n,a=l.querySelectorAll('iframe[data-secret=\"'+t.secret+'\"]'),o=l.querySelectorAll('blockquote[data-secret=\"'+t.secret+'\"]'),c=new RegExp(\"^https?:$\",\"i\"),i=0;i<o.length;i++)o[i].style.display=\"none\";for(i=0;i<a.length;i++)s=a[i],e.source===s.contentWindow&&(s.removeAttribute(\"style\"),\"height\"===t.message?(1e3<(r=parseInt(t.value,10))?r=1e3:~~r<200&&(r=200),s.height=r):\"link\"===t.message&&(r=new URL(s.getAttribute(\"src\")),n=new URL(t.value),c.test(n.protocol))&&n.host===r.host&&l.activeElement===s&&(d.top.location.href=t.value))}},d.addEventListener(\"message\",d.wp.receiveEmbedMessage,!1),l.addEventListener(\"DOMContentLoaded\",function(){for(var e,t,s=l.querySelectorAll(\"iframe.wp-embedded-content\"),r=0;r<s.length;r++)(t=(e=s[r]).getAttribute(\"data-secret\"))||(t=Math.random().toString(36).substring(2,12),e.src+=\"#?secret=\"+t,e.setAttribute(\"data-secret\",t)),e.contentWindow.postMessage({message:\"ready\",secret:t},\"*\")},!1)))}(window,document);\n<\/script>\n","description":"Zu meiner Person bin 37 Jahre 178cm und 74kg Bin leider Raucher! Bin schon immer sehr Stressanf\u00e4llig kommt durch sehr schlechter Kindheit! Habe auch schon Psychotherapie machen m\u00fcssen einmal etwa mit 26Jahren und w\u00e4hrend der Sache mit Clostridien.F\u00fchle mich oft Energielos,Schlapp und habe dunkle Augenringe! Habe mir letztes Jahr im Juni 2012 durch ein Antibiotika(Clinda-saar)&hellip;"}

Gelber Zungenbelag Blähungen und oft Breiiger Stuhl - Agenki - Gesundheitsforum

<blockquote class="wp-embedded-content" data-secret="0PNpqavtmI"><a href="https://www.agenki.de/gesundheitsforum/thema/gelber-zungenbelag-blahungen-und-oft-breiiger-stuhl/">Gelber Zungenbelag Blähungen und oft Breiiger Stuhl</a></blockquote><iframe sandbox="allow-scripts" security="restricted" src="https://www.agenki.de/gesundheitsforum/thema/gelber-zungenbelag-blahungen-und-oft-breiiger-stuhl/embed/#?secret=0PNpqavtmI" width="600" height="338" title="&#8222;Gelber Zungenbelag Blähungen und oft Breiiger Stuhl&#8220; &#8211; Agenki - Gesundheitsforum" data-secret="0PNpqavtmI" frameborder="0" marginwidth="0" marginheight="0" scrolling="no" class="wp-embedded-content"></iframe><script>
/*! This file is auto-generated */
!function(d,l){"use strict";l.querySelector&&d.addEventListener&&"undefined"!=typeof URL&&(d.wp=d.wp||{},d.wp.receiveEmbedMessage||(d.wp.receiveEmbedMessage=function(e){var t=e.data;if((t||t.secret||t.message||t.value)&&!/[^a-zA-Z0-9]/.test(t.secret)){for(var s,r,n,a=l.querySelectorAll('iframe[data-secret="'+t.secret+'"]'),o=l.querySelectorAll('blockquote[data-secret="'+t.secret+'"]'),c=new RegExp("^https?:$","i"),i=0;i<o.length;i++)o[i].style.display="none";for(i=0;i<a.length;i++)s=a[i],e.source===s.contentWindow&&(s.removeAttribute("style"),"height"===t.message?(1e3<(r=parseInt(t.value,10))?r=1e3:~~r<200&&(r=200),s.height=r):"link"===t.message&&(r=new URL(s.getAttribute("src")),n=new URL(t.value),c.test(n.protocol))&&n.host===r.host&&l.activeElement===s&&(d.top.location.href=t.value))}},d.addEventListener("message",d.wp.receiveEmbedMessage,!1),l.addEventListener("DOMContentLoaded",function(){for(var e,t,s=l.querySelectorAll("iframe.wp-embedded-content"),r=0;r<s.length;r++)(t=(e=s[r]).getAttribute("data-secret"))||(t=Math.random().toString(36).substring(2,12),e.src+="#?secret="+t,e.setAttribute("data-secret",t)),e.contentWindow.postMessage({message:"ready",secret:t},"*")},!1)))}(window,document);
</script>

Zu meiner Person bin 37 Jahre 178cm und 74kg Bin leider Raucher! Bin schon immer sehr Stressanfällig kommt durch sehr schlechter Kindheit! Habe auch schon Psychotherapie machen müssen einmal etwa mit 26Jahren und während der Sache mit Clostridien.Fühle mich oft Energielos,Schlapp und habe dunkle Augenringe! Habe mir letztes Jahr im Juni 2012 durch ein Antibiotika(Clinda-saar)&hellip;
