{"version":"1.0","provider_name":"Agenki - Gesundheitsforum","provider_url":"https:\/\/www.agenki.de\/gesundheitsforum","author_name":"jessi","author_url":"https:\/\/www.agenki.de\/gesundheitsforum\/author\/jessi\/","title":"Graue Haare - Agenki - Gesundheitsforum","type":"rich","width":600,"height":338,"html":"<blockquote class=\"wp-embedded-content\" data-secret=\"o8MBGE01hd\"><a href=\"https:\/\/www.agenki.de\/gesundheitsforum\/thema\/graue-haare\/\">Graue Haare<\/a><\/blockquote><iframe sandbox=\"allow-scripts\" security=\"restricted\" src=\"https:\/\/www.agenki.de\/gesundheitsforum\/thema\/graue-haare\/embed\/#?secret=o8MBGE01hd\" width=\"600\" height=\"338\" title=\"&#8222;Graue Haare&#8220; &#8211; Agenki - Gesundheitsforum\" data-secret=\"o8MBGE01hd\" frameborder=\"0\" marginwidth=\"0\" marginheight=\"0\" scrolling=\"no\" class=\"wp-embedded-content\"><\/iframe><script>\n\/*! This file is auto-generated *\/\n!function(d,l){\"use strict\";l.querySelector&&d.addEventListener&&\"undefined\"!=typeof URL&&(d.wp=d.wp||{},d.wp.receiveEmbedMessage||(d.wp.receiveEmbedMessage=function(e){var t=e.data;if((t||t.secret||t.message||t.value)&&!\/[^a-zA-Z0-9]\/.test(t.secret)){for(var s,r,n,a=l.querySelectorAll('iframe[data-secret=\"'+t.secret+'\"]'),o=l.querySelectorAll('blockquote[data-secret=\"'+t.secret+'\"]'),c=new RegExp(\"^https?:$\",\"i\"),i=0;i<o.length;i++)o[i].style.display=\"none\";for(i=0;i<a.length;i++)s=a[i],e.source===s.contentWindow&&(s.removeAttribute(\"style\"),\"height\"===t.message?(1e3<(r=parseInt(t.value,10))?r=1e3:~~r<200&&(r=200),s.height=r):\"link\"===t.message&&(r=new URL(s.getAttribute(\"src\")),n=new URL(t.value),c.test(n.protocol))&&n.host===r.host&&l.activeElement===s&&(d.top.location.href=t.value))}},d.addEventListener(\"message\",d.wp.receiveEmbedMessage,!1),l.addEventListener(\"DOMContentLoaded\",function(){for(var e,t,s=l.querySelectorAll(\"iframe.wp-embedded-content\"),r=0;r<s.length;r++)(t=(e=s[r]).getAttribute(\"data-secret\"))||(t=Math.random().toString(36).substring(2,12),e.src+=\"#?secret=\"+t,e.setAttribute(\"data-secret\",t)),e.contentWindow.postMessage({message:\"ready\",secret:t},\"*\")},!1)))}(window,document);\n<\/script>\n","description":"Hallo Herr Golenhofen, ich bekomme momentan sehr viele graue Haare und das mit gerade mal Mitte 20. Das ist schrecklich f\u00fcr mich. Was haben Sie f\u00fcr Erfahrungen gemacht, woran es liegt, wenn man so bald schon graue Haare bekommt? Ist das ein N\u00e4hrstoffmangel oder eher die Genetik oder was ganz anderes? Zudem sind sie total&hellip;"}

Hallo Herr Golenhofen, ich bekomme momentan sehr viele graue Haare und das mit gerade mal Mitte 20. Das ist schrecklich für mich. Was haben Sie für Erfahrungen gemacht, woran es liegt, wenn man so bald schon graue Haare bekommt? Ist das ein Nährstoffmangel oder eher die Genetik oder was ganz anderes? Zudem sind sie total&hellip;
