{"version":"1.0","provider_name":"Agenki - Gesundheitsforum","provider_url":"https:\/\/www.agenki.de\/gesundheitsforum","author_name":"laguna","author_url":"https:\/\/www.agenki.de\/gesundheitsforum\/author\/laguna\/","title":"Haarausfall - Agenki - Gesundheitsforum","type":"rich","width":600,"height":338,"html":"<blockquote class=\"wp-embedded-content\" data-secret=\"5EZ5io8uJU\"><a href=\"https:\/\/www.agenki.de\/gesundheitsforum\/thema\/haarausfall-d2\/\">Haarausfall<\/a><\/blockquote><iframe sandbox=\"allow-scripts\" security=\"restricted\" src=\"https:\/\/www.agenki.de\/gesundheitsforum\/thema\/haarausfall-d2\/embed\/#?secret=5EZ5io8uJU\" width=\"600\" height=\"338\" title=\"&#8222;Haarausfall&#8220; &#8211; Agenki - Gesundheitsforum\" data-secret=\"5EZ5io8uJU\" frameborder=\"0\" marginwidth=\"0\" marginheight=\"0\" scrolling=\"no\" class=\"wp-embedded-content\"><\/iframe><script>\n\/*! This file is auto-generated *\/\n!function(d,l){\"use strict\";l.querySelector&&d.addEventListener&&\"undefined\"!=typeof URL&&(d.wp=d.wp||{},d.wp.receiveEmbedMessage||(d.wp.receiveEmbedMessage=function(e){var t=e.data;if((t||t.secret||t.message||t.value)&&!\/[^a-zA-Z0-9]\/.test(t.secret)){for(var s,r,n,a=l.querySelectorAll('iframe[data-secret=\"'+t.secret+'\"]'),o=l.querySelectorAll('blockquote[data-secret=\"'+t.secret+'\"]'),c=new RegExp(\"^https?:$\",\"i\"),i=0;i<o.length;i++)o[i].style.display=\"none\";for(i=0;i<a.length;i++)s=a[i],e.source===s.contentWindow&&(s.removeAttribute(\"style\"),\"height\"===t.message?(1e3<(r=parseInt(t.value,10))?r=1e3:~~r<200&&(r=200),s.height=r):\"link\"===t.message&&(r=new URL(s.getAttribute(\"src\")),n=new URL(t.value),c.test(n.protocol))&&n.host===r.host&&l.activeElement===s&&(d.top.location.href=t.value))}},d.addEventListener(\"message\",d.wp.receiveEmbedMessage,!1),l.addEventListener(\"DOMContentLoaded\",function(){for(var e,t,s=l.querySelectorAll(\"iframe.wp-embedded-content\"),r=0;r<s.length;r++)(t=(e=s[r]).getAttribute(\"data-secret\"))||(t=Math.random().toString(36).substring(2,12),e.src+=\"#?secret=\"+t,e.setAttribute(\"data-secret\",t)),e.contentWindow.postMessage({message:\"ready\",secret:t},\"*\")},!1)))}(window,document);\n<\/script>\n","description":"Liebes Forum, lieber Herr Golenhofen. Aufgrund zahlreicher Symptome (insb. Darmbeschwerden, M\u00fcdigkeit, vermehrte Allergien etc.) habe ich schon zig Arztbesuche hinter mir. Inzwischen wei\u00df ich, dass ich tats\u00e4chlich eine Candidose habe und das Verh\u00e4ltnis zwischen &#8220;guten&#8221; und &#8220;schlechten&#8221; Darmbakterien erheblich gest\u00f6rt ist. Auch meine Bauchspeicheldr\u00fcse scheint nicht wirklich gut zu funktionieren (Elastase 1-Wert im Stuhl bei&hellip;"}

Liebes Forum, lieber Herr Golenhofen. Aufgrund zahlreicher Symptome (insb. Darmbeschwerden, Müdigkeit, vermehrte Allergien etc.) habe ich schon zig Arztbesuche hinter mir. Inzwischen weiß ich, dass ich tatsächlich eine Candidose habe und das Verhältnis zwischen &#8220;guten&#8221; und &#8220;schlechten&#8221; Darmbakterien erheblich gestört ist. Auch meine Bauchspeicheldrüse scheint nicht wirklich gut zu funktionieren (Elastase 1-Wert im Stuhl bei&hellip;
