{"version":"1.0","provider_name":"Agenki - Gesundheitsforum","provider_url":"https:\/\/www.agenki.de\/gesundheitsforum","author_name":"180grad","author_url":"https:\/\/www.agenki.de\/gesundheitsforum\/author\/180grad\/","title":"hafer: glutenfrei oder nicht, empfehlenswert oder nicht? - Agenki - Gesundheitsforum","type":"rich","width":600,"height":338,"html":"<blockquote class=\"wp-embedded-content\" data-secret=\"qu04wK0xFD\"><a href=\"https:\/\/www.agenki.de\/gesundheitsforum\/thema\/hafer-glutenfrei-oder-nicht-empfehlenswert-oder-nicht\/\">hafer: glutenfrei oder nicht, empfehlenswert oder nicht?<\/a><\/blockquote><iframe sandbox=\"allow-scripts\" security=\"restricted\" src=\"https:\/\/www.agenki.de\/gesundheitsforum\/thema\/hafer-glutenfrei-oder-nicht-empfehlenswert-oder-nicht\/embed\/#?secret=qu04wK0xFD\" width=\"600\" height=\"338\" title=\"&#8222;hafer: glutenfrei oder nicht, empfehlenswert oder nicht?&#8220; &#8211; Agenki - Gesundheitsforum\" data-secret=\"qu04wK0xFD\" frameborder=\"0\" marginwidth=\"0\" marginheight=\"0\" scrolling=\"no\" class=\"wp-embedded-content\"><\/iframe><script>\n\/*! This file is auto-generated *\/\n!function(d,l){\"use strict\";l.querySelector&&d.addEventListener&&\"undefined\"!=typeof URL&&(d.wp=d.wp||{},d.wp.receiveEmbedMessage||(d.wp.receiveEmbedMessage=function(e){var t=e.data;if((t||t.secret||t.message||t.value)&&!\/[^a-zA-Z0-9]\/.test(t.secret)){for(var s,r,n,a=l.querySelectorAll('iframe[data-secret=\"'+t.secret+'\"]'),o=l.querySelectorAll('blockquote[data-secret=\"'+t.secret+'\"]'),c=new RegExp(\"^https?:$\",\"i\"),i=0;i<o.length;i++)o[i].style.display=\"none\";for(i=0;i<a.length;i++)s=a[i],e.source===s.contentWindow&&(s.removeAttribute(\"style\"),\"height\"===t.message?(1e3<(r=parseInt(t.value,10))?r=1e3:~~r<200&&(r=200),s.height=r):\"link\"===t.message&&(r=new URL(s.getAttribute(\"src\")),n=new URL(t.value),c.test(n.protocol))&&n.host===r.host&&l.activeElement===s&&(d.top.location.href=t.value))}},d.addEventListener(\"message\",d.wp.receiveEmbedMessage,!1),l.addEventListener(\"DOMContentLoaded\",function(){for(var e,t,s=l.querySelectorAll(\"iframe.wp-embedded-content\"),r=0;r<s.length;r++)(t=(e=s[r]).getAttribute(\"data-secret\"))||(t=Math.random().toString(36).substring(2,12),e.src+=\"#?secret=\"+t,e.setAttribute(\"data-secret\",t)),e.contentWindow.postMessage({message:\"ready\",secret:t},\"*\")},!1)))}(window,document);\n<\/script>\n","description":"der glutengehalt von hafer wird kontrovers diskutiert und manche z\u00f6lliakiekranke vertragen hafer. ich selbst lebe gr\u00f6\u00dftenteils glutenfrei, g\u00f6nne mir allerdings gelegentlich einen s\u00fcndentag \ud83d\ude42 auch das ein oder andere bier steht manchmal auf meinem speiseplan. um den hafer habe ich aber genau wie dinkel etc einen bogen gemacht. weizen kommt nur in ausnahmef\u00e4llen vereinzelt als&hellip;"}

der glutengehalt von hafer wird kontrovers diskutiert und manche zölliakiekranke vertragen hafer. ich selbst lebe größtenteils glutenfrei, gönne mir allerdings gelegentlich einen sündentag 🙂 auch das ein oder andere bier steht manchmal auf meinem speiseplan. um den hafer habe ich aber genau wie dinkel etc einen bogen gemacht. weizen kommt nur in ausnahmefällen vereinzelt als&hellip;
