{"version":"1.0","provider_name":"Agenki - Gesundheitsforum","provider_url":"https:\/\/www.agenki.de\/gesundheitsforum","author_name":"pavelasd","author_url":"https:\/\/www.agenki.de\/gesundheitsforum\/author\/pavelasd\/","title":"Ich suche eine passende Pr\u00e4+Probiotikakombination - Agenki - Gesundheitsforum","type":"rich","width":600,"height":338,"html":"<blockquote class=\"wp-embedded-content\" data-secret=\"7SaecDBlVj\"><a href=\"https:\/\/www.agenki.de\/gesundheitsforum\/thema\/ich-suche-eine-passende-pra-probiotikakombination\/\">Ich suche eine passende Pr\u00e4+Probiotikakombination<\/a><\/blockquote><iframe sandbox=\"allow-scripts\" security=\"restricted\" src=\"https:\/\/www.agenki.de\/gesundheitsforum\/thema\/ich-suche-eine-passende-pra-probiotikakombination\/embed\/#?secret=7SaecDBlVj\" width=\"600\" height=\"338\" title=\"&#8222;Ich suche eine passende Pr\u00e4+Probiotikakombination&#8220; &#8211; Agenki - Gesundheitsforum\" data-secret=\"7SaecDBlVj\" frameborder=\"0\" marginwidth=\"0\" marginheight=\"0\" scrolling=\"no\" class=\"wp-embedded-content\"><\/iframe><script>\n\/*! This file is auto-generated *\/\n!function(d,l){\"use strict\";l.querySelector&&d.addEventListener&&\"undefined\"!=typeof URL&&(d.wp=d.wp||{},d.wp.receiveEmbedMessage||(d.wp.receiveEmbedMessage=function(e){var t=e.data;if((t||t.secret||t.message||t.value)&&!\/[^a-zA-Z0-9]\/.test(t.secret)){for(var s,r,n,a=l.querySelectorAll('iframe[data-secret=\"'+t.secret+'\"]'),o=l.querySelectorAll('blockquote[data-secret=\"'+t.secret+'\"]'),c=new RegExp(\"^https?:$\",\"i\"),i=0;i<o.length;i++)o[i].style.display=\"none\";for(i=0;i<a.length;i++)s=a[i],e.source===s.contentWindow&&(s.removeAttribute(\"style\"),\"height\"===t.message?(1e3<(r=parseInt(t.value,10))?r=1e3:~~r<200&&(r=200),s.height=r):\"link\"===t.message&&(r=new URL(s.getAttribute(\"src\")),n=new URL(t.value),c.test(n.protocol))&&n.host===r.host&&l.activeElement===s&&(d.top.location.href=t.value))}},d.addEventListener(\"message\",d.wp.receiveEmbedMessage,!1),l.addEventListener(\"DOMContentLoaded\",function(){for(var e,t,s=l.querySelectorAll(\"iframe.wp-embedded-content\"),r=0;r<s.length;r++)(t=(e=s[r]).getAttribute(\"data-secret\"))||(t=Math.random().toString(36).substring(2,12),e.src+=\"#?secret=\"+t,e.setAttribute(\"data-secret\",t)),e.contentWindow.postMessage({message:\"ready\",secret:t},\"*\")},!1)))}(window,document);\n<\/script>\n","description":"Mein Immunsystem ist schwach, immer erk\u00e4ltet. Seit 2,5 Jahren habe ich eine exocrine Bauchspeicheldr\u00fcseninsuffizienz. Au\u00dferdem Gastrtis und eine Insuffizienz des unteren Sphikters. Ich nehme regelm\u00e4\u00dfig Omeprazol und Kreon, aber muss immer Di\u00e4t halten, also esse fast nichts, was ich mag und beim Mittagessen esse ich nicht alles auf einmal, sondern getrennt mit 1 Stunde Abstand.&hellip;"}

Ich suche eine passende Prä+Probiotikakombination - Agenki - Gesundheitsforum

<blockquote class="wp-embedded-content" data-secret="7SaecDBlVj"><a href="https://www.agenki.de/gesundheitsforum/thema/ich-suche-eine-passende-pra-probiotikakombination/">Ich suche eine passende Prä+Probiotikakombination</a></blockquote><iframe sandbox="allow-scripts" security="restricted" src="https://www.agenki.de/gesundheitsforum/thema/ich-suche-eine-passende-pra-probiotikakombination/embed/#?secret=7SaecDBlVj" width="600" height="338" title="&#8222;Ich suche eine passende Prä+Probiotikakombination&#8220; &#8211; Agenki - Gesundheitsforum" data-secret="7SaecDBlVj" frameborder="0" marginwidth="0" marginheight="0" scrolling="no" class="wp-embedded-content"></iframe><script>
/*! This file is auto-generated */
!function(d,l){"use strict";l.querySelector&&d.addEventListener&&"undefined"!=typeof URL&&(d.wp=d.wp||{},d.wp.receiveEmbedMessage||(d.wp.receiveEmbedMessage=function(e){var t=e.data;if((t||t.secret||t.message||t.value)&&!/[^a-zA-Z0-9]/.test(t.secret)){for(var s,r,n,a=l.querySelectorAll('iframe[data-secret="'+t.secret+'"]'),o=l.querySelectorAll('blockquote[data-secret="'+t.secret+'"]'),c=new RegExp("^https?:$","i"),i=0;i<o.length;i++)o[i].style.display="none";for(i=0;i<a.length;i++)s=a[i],e.source===s.contentWindow&&(s.removeAttribute("style"),"height"===t.message?(1e3<(r=parseInt(t.value,10))?r=1e3:~~r<200&&(r=200),s.height=r):"link"===t.message&&(r=new URL(s.getAttribute("src")),n=new URL(t.value),c.test(n.protocol))&&n.host===r.host&&l.activeElement===s&&(d.top.location.href=t.value))}},d.addEventListener("message",d.wp.receiveEmbedMessage,!1),l.addEventListener("DOMContentLoaded",function(){for(var e,t,s=l.querySelectorAll("iframe.wp-embedded-content"),r=0;r<s.length;r++)(t=(e=s[r]).getAttribute("data-secret"))||(t=Math.random().toString(36).substring(2,12),e.src+="#?secret="+t,e.setAttribute("data-secret",t)),e.contentWindow.postMessage({message:"ready",secret:t},"*")},!1)))}(window,document);
</script>

Mein Immunsystem ist schwach, immer erkältet. Seit 2,5 Jahren habe ich eine exocrine Bauchspeicheldrüseninsuffizienz. Außerdem Gastrtis und eine Insuffizienz des unteren Sphikters. Ich nehme regelmäßig Omeprazol und Kreon, aber muss immer Diät halten, also esse fast nichts, was ich mag und beim Mittagessen esse ich nicht alles auf einmal, sondern getrennt mit 1 Stunde Abstand.&hellip;
