{"version":"1.0","provider_name":"Agenki - Gesundheitsforum","provider_url":"https:\/\/www.agenki.de\/gesundheitsforum","author_name":"verena","author_url":"https:\/\/www.agenki.de\/gesundheitsforum\/author\/verena\/","title":"Leberreinigung zum Finale der Fastenkur - Agenki - Gesundheitsforum","type":"rich","width":600,"height":338,"html":"<blockquote class=\"wp-embedded-content\" data-secret=\"dq0Nscr9hV\"><a href=\"https:\/\/www.agenki.de\/gesundheitsforum\/thema\/leberreinigung-zum-finale-der-fastenkur\/\">Leberreinigung zum Finale der Fastenkur<\/a><\/blockquote><iframe sandbox=\"allow-scripts\" security=\"restricted\" src=\"https:\/\/www.agenki.de\/gesundheitsforum\/thema\/leberreinigung-zum-finale-der-fastenkur\/embed\/#?secret=dq0Nscr9hV\" width=\"600\" height=\"338\" title=\"&#8222;Leberreinigung zum Finale der Fastenkur&#8220; &#8211; Agenki - Gesundheitsforum\" data-secret=\"dq0Nscr9hV\" frameborder=\"0\" marginwidth=\"0\" marginheight=\"0\" scrolling=\"no\" class=\"wp-embedded-content\"><\/iframe><script>\n\/*! This file is auto-generated *\/\n!function(d,l){\"use strict\";l.querySelector&&d.addEventListener&&\"undefined\"!=typeof URL&&(d.wp=d.wp||{},d.wp.receiveEmbedMessage||(d.wp.receiveEmbedMessage=function(e){var t=e.data;if((t||t.secret||t.message||t.value)&&!\/[^a-zA-Z0-9]\/.test(t.secret)){for(var s,r,n,a=l.querySelectorAll('iframe[data-secret=\"'+t.secret+'\"]'),o=l.querySelectorAll('blockquote[data-secret=\"'+t.secret+'\"]'),c=new RegExp(\"^https?:$\",\"i\"),i=0;i<o.length;i++)o[i].style.display=\"none\";for(i=0;i<a.length;i++)s=a[i],e.source===s.contentWindow&&(s.removeAttribute(\"style\"),\"height\"===t.message?(1e3<(r=parseInt(t.value,10))?r=1e3:~~r<200&&(r=200),s.height=r):\"link\"===t.message&&(r=new URL(s.getAttribute(\"src\")),n=new URL(t.value),c.test(n.protocol))&&n.host===r.host&&l.activeElement===s&&(d.top.location.href=t.value))}},d.addEventListener(\"message\",d.wp.receiveEmbedMessage,!1),l.addEventListener(\"DOMContentLoaded\",function(){for(var e,t,s=l.querySelectorAll(\"iframe.wp-embedded-content\"),r=0;r<s.length;r++)(t=(e=s[r]).getAttribute(\"data-secret\"))||(t=Math.random().toString(36).substring(2,12),e.src+=\"#?secret=\"+t,e.setAttribute(\"data-secret\",t)),e.contentWindow.postMessage({message:\"ready\",secret:t},\"*\")},!1)))}(window,document);\n<\/script>\n","description":"Lieber Herr Golenhofen, ich faste seit dem 18.10. und m\u00f6chte dies noch bis zum 27.10 halten. Es tut so gut den K\u00f6rper zu entlasten \ud83d\ude00 Im M\u00e4rz 2008 (vor dem Fasten, habe Sie derzeit auch um Rat gefragt) habe ich meine erste von inzwischen vier LR durchgef\u00fchrt. Mu\u00df ich irgendetwas anders machen diesmal? Weniger \u00d6l?&hellip;"}

Lieber Herr Golenhofen, ich faste seit dem 18.10. und möchte dies noch bis zum 27.10 halten. Es tut so gut den Körper zu entlasten 😀 Im März 2008 (vor dem Fasten, habe Sie derzeit auch um Rat gefragt) habe ich meine erste von inzwischen vier LR durchgeführt. Muß ich irgendetwas anders machen diesmal? Weniger Öl?&hellip;
