{"version":"1.0","provider_name":"Agenki - Gesundheitsforum","provider_url":"https:\/\/www.agenki.de\/gesundheitsforum","author_name":"Simone R\u00f6ll","author_url":"https:\/\/www.agenki.de\/gesundheitsforum\/author\/simonje\/","title":"Morbus Crohn, Migr\u00e4ne, Angstst\u00f6rungen - Agenki - Gesundheitsforum","type":"rich","width":600,"height":338,"html":"<blockquote class=\"wp-embedded-content\" data-secret=\"MgTbnD9swK\"><a href=\"https:\/\/www.agenki.de\/gesundheitsforum\/thema\/morbus-crohn-migraene-angststoerungen\/\">Morbus Crohn, Migr\u00e4ne, Angstst\u00f6rungen<\/a><\/blockquote><iframe sandbox=\"allow-scripts\" security=\"restricted\" src=\"https:\/\/www.agenki.de\/gesundheitsforum\/thema\/morbus-crohn-migraene-angststoerungen\/embed\/#?secret=MgTbnD9swK\" width=\"600\" height=\"338\" title=\"&#8222;Morbus Crohn, Migr\u00e4ne, Angstst\u00f6rungen&#8220; &#8211; Agenki - Gesundheitsforum\" data-secret=\"MgTbnD9swK\" frameborder=\"0\" marginwidth=\"0\" marginheight=\"0\" scrolling=\"no\" class=\"wp-embedded-content\"><\/iframe><script>\n\/*! This file is auto-generated *\/\n!function(d,l){\"use strict\";l.querySelector&&d.addEventListener&&\"undefined\"!=typeof URL&&(d.wp=d.wp||{},d.wp.receiveEmbedMessage||(d.wp.receiveEmbedMessage=function(e){var t=e.data;if((t||t.secret||t.message||t.value)&&!\/[^a-zA-Z0-9]\/.test(t.secret)){for(var s,r,n,a=l.querySelectorAll('iframe[data-secret=\"'+t.secret+'\"]'),o=l.querySelectorAll('blockquote[data-secret=\"'+t.secret+'\"]'),c=new RegExp(\"^https?:$\",\"i\"),i=0;i<o.length;i++)o[i].style.display=\"none\";for(i=0;i<a.length;i++)s=a[i],e.source===s.contentWindow&&(s.removeAttribute(\"style\"),\"height\"===t.message?(1e3<(r=parseInt(t.value,10))?r=1e3:~~r<200&&(r=200),s.height=r):\"link\"===t.message&&(r=new URL(s.getAttribute(\"src\")),n=new URL(t.value),c.test(n.protocol))&&n.host===r.host&&l.activeElement===s&&(d.top.location.href=t.value))}},d.addEventListener(\"message\",d.wp.receiveEmbedMessage,!1),l.addEventListener(\"DOMContentLoaded\",function(){for(var e,t,s=l.querySelectorAll(\"iframe.wp-embedded-content\"),r=0;r<s.length;r++)(t=(e=s[r]).getAttribute(\"data-secret\"))||(t=Math.random().toString(36).substring(2,12),e.src+=\"#?secret=\"+t,e.setAttribute(\"data-secret\",t)),e.contentWindow.postMessage({message:\"ready\",secret:t},\"*\")},!1)))}(window,document);\n<\/script>\n","description":"Sehr geehrter Herr Golenhofen, ich habe seit meinem 5. Lebensjahr Migr\u00e4ne. Mal mehr mal weniger. Nach der Entbindung meines Sohnes 2010 und einer folgenden Windpockenerkrankung ging es mir immer schlechter. Fast t\u00e4glich Migr\u00e4ne und dazu gesellte sich bald Durchfall. Ich nahm erschreckend viel ab und wurde immer schw\u00e4cher. 2016 dann die Diagnose Morbus Crohn. Ich&hellip;"}

Simone Röll

Morbus Crohn, Migräne, Angststörungen - Agenki - Gesundheitsforum

<blockquote class="wp-embedded-content" data-secret="MgTbnD9swK"><a href="https://www.agenki.de/gesundheitsforum/thema/morbus-crohn-migraene-angststoerungen/">Morbus Crohn, Migräne, Angststörungen</a></blockquote><iframe sandbox="allow-scripts" security="restricted" src="https://www.agenki.de/gesundheitsforum/thema/morbus-crohn-migraene-angststoerungen/embed/#?secret=MgTbnD9swK" width="600" height="338" title="&#8222;Morbus Crohn, Migräne, Angststörungen&#8220; &#8211; Agenki - Gesundheitsforum" data-secret="MgTbnD9swK" frameborder="0" marginwidth="0" marginheight="0" scrolling="no" class="wp-embedded-content"></iframe><script>
/*! This file is auto-generated */
!function(d,l){"use strict";l.querySelector&&d.addEventListener&&"undefined"!=typeof URL&&(d.wp=d.wp||{},d.wp.receiveEmbedMessage||(d.wp.receiveEmbedMessage=function(e){var t=e.data;if((t||t.secret||t.message||t.value)&&!/[^a-zA-Z0-9]/.test(t.secret)){for(var s,r,n,a=l.querySelectorAll('iframe[data-secret="'+t.secret+'"]'),o=l.querySelectorAll('blockquote[data-secret="'+t.secret+'"]'),c=new RegExp("^https?:$","i"),i=0;i<o.length;i++)o[i].style.display="none";for(i=0;i<a.length;i++)s=a[i],e.source===s.contentWindow&&(s.removeAttribute("style"),"height"===t.message?(1e3<(r=parseInt(t.value,10))?r=1e3:~~r<200&&(r=200),s.height=r):"link"===t.message&&(r=new URL(s.getAttribute("src")),n=new URL(t.value),c.test(n.protocol))&&n.host===r.host&&l.activeElement===s&&(d.top.location.href=t.value))}},d.addEventListener("message",d.wp.receiveEmbedMessage,!1),l.addEventListener("DOMContentLoaded",function(){for(var e,t,s=l.querySelectorAll("iframe.wp-embedded-content"),r=0;r<s.length;r++)(t=(e=s[r]).getAttribute("data-secret"))||(t=Math.random().toString(36).substring(2,12),e.src+="#?secret="+t,e.setAttribute("data-secret",t)),e.contentWindow.postMessage({message:"ready",secret:t},"*")},!1)))}(window,document);
</script>

Sehr geehrter Herr Golenhofen, ich habe seit meinem 5. Lebensjahr Migräne. Mal mehr mal weniger. Nach der Entbindung meines Sohnes 2010 und einer folgenden Windpockenerkrankung ging es mir immer schlechter. Fast täglich Migräne und dazu gesellte sich bald Durchfall. Ich nahm erschreckend viel ab und wurde immer schwächer. 2016 dann die Diagnose Morbus Crohn. Ich&hellip;
