{"version":"1.0","provider_name":"Agenki - Gesundheitsforum","provider_url":"https:\/\/www.agenki.de\/gesundheitsforum","author_name":"marinchen","author_url":"https:\/\/www.agenki.de\/gesundheitsforum\/author\/marinchen\/","title":"Neurodermitis und Regividerm - Agenki - Gesundheitsforum","type":"rich","width":600,"height":338,"html":"<blockquote class=\"wp-embedded-content\" data-secret=\"103lnZmEfg\"><a href=\"https:\/\/www.agenki.de\/gesundheitsforum\/thema\/neurodermitis-und-regividerm\/\">Neurodermitis und Regividerm<\/a><\/blockquote><iframe sandbox=\"allow-scripts\" security=\"restricted\" src=\"https:\/\/www.agenki.de\/gesundheitsforum\/thema\/neurodermitis-und-regividerm\/embed\/#?secret=103lnZmEfg\" width=\"600\" height=\"338\" title=\"&#8222;Neurodermitis und Regividerm&#8220; &#8211; Agenki - Gesundheitsforum\" data-secret=\"103lnZmEfg\" frameborder=\"0\" marginwidth=\"0\" marginheight=\"0\" scrolling=\"no\" class=\"wp-embedded-content\"><\/iframe><script>\n\/*! This file is auto-generated *\/\n!function(d,l){\"use strict\";l.querySelector&&d.addEventListener&&\"undefined\"!=typeof URL&&(d.wp=d.wp||{},d.wp.receiveEmbedMessage||(d.wp.receiveEmbedMessage=function(e){var t=e.data;if((t||t.secret||t.message||t.value)&&!\/[^a-zA-Z0-9]\/.test(t.secret)){for(var s,r,n,a=l.querySelectorAll('iframe[data-secret=\"'+t.secret+'\"]'),o=l.querySelectorAll('blockquote[data-secret=\"'+t.secret+'\"]'),c=new RegExp(\"^https?:$\",\"i\"),i=0;i<o.length;i++)o[i].style.display=\"none\";for(i=0;i<a.length;i++)s=a[i],e.source===s.contentWindow&&(s.removeAttribute(\"style\"),\"height\"===t.message?(1e3<(r=parseInt(t.value,10))?r=1e3:~~r<200&&(r=200),s.height=r):\"link\"===t.message&&(r=new URL(s.getAttribute(\"src\")),n=new URL(t.value),c.test(n.protocol))&&n.host===r.host&&l.activeElement===s&&(d.top.location.href=t.value))}},d.addEventListener(\"message\",d.wp.receiveEmbedMessage,!1),l.addEventListener(\"DOMContentLoaded\",function(){for(var e,t,s=l.querySelectorAll(\"iframe.wp-embedded-content\"),r=0;r<s.length;r++)(t=(e=s[r]).getAttribute(\"data-secret\"))||(t=Math.random().toString(36).substring(2,12),e.src+=\"#?secret=\"+t,e.setAttribute(\"data-secret\",t)),e.contentWindow.postMessage({message:\"ready\",secret:t},\"*\")},!1)))}(window,document);\n<\/script>\n","description":"Hallo Herr Golenhofen, vor ca. 7 bis 8 Jahren habe ich bei Ihnen die Bioresonanztherapie gemacht. Damals stellten sie fest, dass es bei mir haupts\u00e4chlich am Weizen lag und einen Zuckerpilz hatte ich auch. Ich muss zugeben, dass ich meine Ern\u00e4hrung ohne Zucker, Weizenmehl, Kohlens\u00e4ure usw nur ca. 2 Monate durchgezogen hatte. Danach hatte ich&hellip;"}

Hallo Herr Golenhofen, vor ca. 7 bis 8 Jahren habe ich bei Ihnen die Bioresonanztherapie gemacht. Damals stellten sie fest, dass es bei mir hauptsächlich am Weizen lag und einen Zuckerpilz hatte ich auch. Ich muss zugeben, dass ich meine Ernährung ohne Zucker, Weizenmehl, Kohlensäure usw nur ca. 2 Monate durchgezogen hatte. Danach hatte ich&hellip;
