{"version":"1.0","provider_name":"Agenki - Gesundheitsforum","provider_url":"https:\/\/www.agenki.de\/gesundheitsforum","author_name":"flying-fox","author_url":"https:\/\/www.agenki.de\/gesundheitsforum\/author\/flying-fox\/","title":"Permanentes Krankheitsgef\u00fchl seit Jahren, Ursache ? - Agenki - Gesundheitsforum","type":"rich","width":600,"height":338,"html":"<blockquote class=\"wp-embedded-content\" data-secret=\"rl8owcRHC9\"><a href=\"https:\/\/www.agenki.de\/gesundheitsforum\/thema\/permanentes-krankheitsgefuhl-seit-jahren-ursache\/\">Permanentes Krankheitsgef\u00fchl seit Jahren, Ursache ?<\/a><\/blockquote><iframe sandbox=\"allow-scripts\" security=\"restricted\" src=\"https:\/\/www.agenki.de\/gesundheitsforum\/thema\/permanentes-krankheitsgefuhl-seit-jahren-ursache\/embed\/#?secret=rl8owcRHC9\" width=\"600\" height=\"338\" title=\"&#8222;Permanentes Krankheitsgef\u00fchl seit Jahren, Ursache ?&#8220; &#8211; Agenki - Gesundheitsforum\" data-secret=\"rl8owcRHC9\" frameborder=\"0\" marginwidth=\"0\" marginheight=\"0\" scrolling=\"no\" class=\"wp-embedded-content\"><\/iframe><script>\n\/*! This file is auto-generated *\/\n!function(d,l){\"use strict\";l.querySelector&&d.addEventListener&&\"undefined\"!=typeof URL&&(d.wp=d.wp||{},d.wp.receiveEmbedMessage||(d.wp.receiveEmbedMessage=function(e){var t=e.data;if((t||t.secret||t.message||t.value)&&!\/[^a-zA-Z0-9]\/.test(t.secret)){for(var s,r,n,a=l.querySelectorAll('iframe[data-secret=\"'+t.secret+'\"]'),o=l.querySelectorAll('blockquote[data-secret=\"'+t.secret+'\"]'),c=new RegExp(\"^https?:$\",\"i\"),i=0;i<o.length;i++)o[i].style.display=\"none\";for(i=0;i<a.length;i++)s=a[i],e.source===s.contentWindow&&(s.removeAttribute(\"style\"),\"height\"===t.message?(1e3<(r=parseInt(t.value,10))?r=1e3:~~r<200&&(r=200),s.height=r):\"link\"===t.message&&(r=new URL(s.getAttribute(\"src\")),n=new URL(t.value),c.test(n.protocol))&&n.host===r.host&&l.activeElement===s&&(d.top.location.href=t.value))}},d.addEventListener(\"message\",d.wp.receiveEmbedMessage,!1),l.addEventListener(\"DOMContentLoaded\",function(){for(var e,t,s=l.querySelectorAll(\"iframe.wp-embedded-content\"),r=0;r<s.length;r++)(t=(e=s[r]).getAttribute(\"data-secret\"))||(t=Math.random().toString(36).substring(2,12),e.src+=\"#?secret=\"+t,e.setAttribute(\"data-secret\",t)),e.contentWindow.postMessage({message:\"ready\",secret:t},\"*\")},!1)))}(window,document);\n<\/script>\n","description":"Herr Golenhofen, mein Anliegen ist folgendes: ich bin Mitte 30, an sich gesund, nur f\u00fchle ich mich energielos und krank, und das seit ich denken kann. Als Kind h\u00e4ufig Nebenh\u00f6hlenentz\u00fcndungen, sp\u00e4ter Infektionen d. oberen Respirationstraktes, rezidivierend, aber halt nicht st\u00e4ndig. Seit meinem 21. Lj h\u00e4ufiges Krankheitsgef\u00fchl, insb. in den letzten paar Jahren zunehmend. Vor ca&hellip;"}

Permanentes Krankheitsgefühl seit Jahren, Ursache ? - Agenki - Gesundheitsforum

<blockquote class="wp-embedded-content" data-secret="rl8owcRHC9"><a href="https://www.agenki.de/gesundheitsforum/thema/permanentes-krankheitsgefuhl-seit-jahren-ursache/">Permanentes Krankheitsgefühl seit Jahren, Ursache ?</a></blockquote><iframe sandbox="allow-scripts" security="restricted" src="https://www.agenki.de/gesundheitsforum/thema/permanentes-krankheitsgefuhl-seit-jahren-ursache/embed/#?secret=rl8owcRHC9" width="600" height="338" title="&#8222;Permanentes Krankheitsgefühl seit Jahren, Ursache ?&#8220; &#8211; Agenki - Gesundheitsforum" data-secret="rl8owcRHC9" frameborder="0" marginwidth="0" marginheight="0" scrolling="no" class="wp-embedded-content"></iframe><script>
/*! This file is auto-generated */
!function(d,l){"use strict";l.querySelector&&d.addEventListener&&"undefined"!=typeof URL&&(d.wp=d.wp||{},d.wp.receiveEmbedMessage||(d.wp.receiveEmbedMessage=function(e){var t=e.data;if((t||t.secret||t.message||t.value)&&!/[^a-zA-Z0-9]/.test(t.secret)){for(var s,r,n,a=l.querySelectorAll('iframe[data-secret="'+t.secret+'"]'),o=l.querySelectorAll('blockquote[data-secret="'+t.secret+'"]'),c=new RegExp("^https?:$","i"),i=0;i<o.length;i++)o[i].style.display="none";for(i=0;i<a.length;i++)s=a[i],e.source===s.contentWindow&&(s.removeAttribute("style"),"height"===t.message?(1e3<(r=parseInt(t.value,10))?r=1e3:~~r<200&&(r=200),s.height=r):"link"===t.message&&(r=new URL(s.getAttribute("src")),n=new URL(t.value),c.test(n.protocol))&&n.host===r.host&&l.activeElement===s&&(d.top.location.href=t.value))}},d.addEventListener("message",d.wp.receiveEmbedMessage,!1),l.addEventListener("DOMContentLoaded",function(){for(var e,t,s=l.querySelectorAll("iframe.wp-embedded-content"),r=0;r<s.length;r++)(t=(e=s[r]).getAttribute("data-secret"))||(t=Math.random().toString(36).substring(2,12),e.src+="#?secret="+t,e.setAttribute("data-secret",t)),e.contentWindow.postMessage({message:"ready",secret:t},"*")},!1)))}(window,document);
</script>

Herr Golenhofen, mein Anliegen ist folgendes: ich bin Mitte 30, an sich gesund, nur fühle ich mich energielos und krank, und das seit ich denken kann. Als Kind häufig Nebenhöhlenentzündungen, später Infektionen d. oberen Respirationstraktes, rezidivierend, aber halt nicht ständig. Seit meinem 21. Lj häufiges Krankheitsgefühl, insb. in den letzten paar Jahren zunehmend. Vor ca&hellip;
