{"version":"1.0","provider_name":"Agenki - Gesundheitsforum","provider_url":"https:\/\/www.agenki.de\/gesundheitsforum","author_name":"bienemaja","author_url":"https:\/\/www.agenki.de\/gesundheitsforum\/author\/bienemaja\/","title":"Schwarzf\u00e4rbung von koll. Mineralien - Agenki - Gesundheitsforum","type":"rich","width":600,"height":338,"html":"<blockquote class=\"wp-embedded-content\" data-secret=\"Koj58dmsql\"><a href=\"https:\/\/www.agenki.de\/gesundheitsforum\/thema\/schwarzfarbung-von-koll-mineralien\/\">Schwarzf\u00e4rbung von koll. Mineralien<\/a><\/blockquote><iframe sandbox=\"allow-scripts\" security=\"restricted\" src=\"https:\/\/www.agenki.de\/gesundheitsforum\/thema\/schwarzfarbung-von-koll-mineralien\/embed\/#?secret=Koj58dmsql\" width=\"600\" height=\"338\" title=\"&#8222;Schwarzf\u00e4rbung von koll. Mineralien&#8220; &#8211; Agenki - Gesundheitsforum\" data-secret=\"Koj58dmsql\" frameborder=\"0\" marginwidth=\"0\" marginheight=\"0\" scrolling=\"no\" class=\"wp-embedded-content\"><\/iframe><script>\n\/*! This file is auto-generated *\/\n!function(d,l){\"use strict\";l.querySelector&&d.addEventListener&&\"undefined\"!=typeof URL&&(d.wp=d.wp||{},d.wp.receiveEmbedMessage||(d.wp.receiveEmbedMessage=function(e){var t=e.data;if((t||t.secret||t.message||t.value)&&!\/[^a-zA-Z0-9]\/.test(t.secret)){for(var s,r,n,a=l.querySelectorAll('iframe[data-secret=\"'+t.secret+'\"]'),o=l.querySelectorAll('blockquote[data-secret=\"'+t.secret+'\"]'),c=new RegExp(\"^https?:$\",\"i\"),i=0;i<o.length;i++)o[i].style.display=\"none\";for(i=0;i<a.length;i++)s=a[i],e.source===s.contentWindow&&(s.removeAttribute(\"style\"),\"height\"===t.message?(1e3<(r=parseInt(t.value,10))?r=1e3:~~r<200&&(r=200),s.height=r):\"link\"===t.message&&(r=new URL(s.getAttribute(\"src\")),n=new URL(t.value),c.test(n.protocol))&&n.host===r.host&&l.activeElement===s&&(d.top.location.href=t.value))}},d.addEventListener(\"message\",d.wp.receiveEmbedMessage,!1),l.addEventListener(\"DOMContentLoaded\",function(){for(var e,t,s=l.querySelectorAll(\"iframe.wp-embedded-content\"),r=0;r<s.length;r++)(t=(e=s[r]).getAttribute(\"data-secret\"))||(t=Math.random().toString(36).substring(2,12),e.src+=\"#?secret=\"+t,e.setAttribute(\"data-secret\",t)),e.contentWindow.postMessage({message:\"ready\",secret:t},\"*\")},!1)))}(window,document);\n<\/script>\n","description":"Hallo Herr Golenhofen, seit 2 Tagen nehme ich eine kleine Dosis (3&#215;15 ml) der K.M. und bin positiv \u00fcberrascht, weil ich herk\u00f6mmliche Mineralstoff-Erg\u00e4nzungen bisher nicht gut vertragen habe. Ich vertrage die K.M. sehr gut und werde die Dosis auch langsam steigern. F\u00fchlte mich nach der Einnahme irgendwie energiegeladen. Mir ist allerdings eine sehr seltsame Sache&hellip;"}

Schwarzfärbung von koll. Mineralien - Agenki - Gesundheitsforum

<blockquote class="wp-embedded-content" data-secret="Koj58dmsql"><a href="https://www.agenki.de/gesundheitsforum/thema/schwarzfarbung-von-koll-mineralien/">Schwarzfärbung von koll. Mineralien</a></blockquote><iframe sandbox="allow-scripts" security="restricted" src="https://www.agenki.de/gesundheitsforum/thema/schwarzfarbung-von-koll-mineralien/embed/#?secret=Koj58dmsql" width="600" height="338" title="&#8222;Schwarzfärbung von koll. Mineralien&#8220; &#8211; Agenki - Gesundheitsforum" data-secret="Koj58dmsql" frameborder="0" marginwidth="0" marginheight="0" scrolling="no" class="wp-embedded-content"></iframe><script>
/*! This file is auto-generated */
!function(d,l){"use strict";l.querySelector&&d.addEventListener&&"undefined"!=typeof URL&&(d.wp=d.wp||{},d.wp.receiveEmbedMessage||(d.wp.receiveEmbedMessage=function(e){var t=e.data;if((t||t.secret||t.message||t.value)&&!/[^a-zA-Z0-9]/.test(t.secret)){for(var s,r,n,a=l.querySelectorAll('iframe[data-secret="'+t.secret+'"]'),o=l.querySelectorAll('blockquote[data-secret="'+t.secret+'"]'),c=new RegExp("^https?:$","i"),i=0;i<o.length;i++)o[i].style.display="none";for(i=0;i<a.length;i++)s=a[i],e.source===s.contentWindow&&(s.removeAttribute("style"),"height"===t.message?(1e3<(r=parseInt(t.value,10))?r=1e3:~~r<200&&(r=200),s.height=r):"link"===t.message&&(r=new URL(s.getAttribute("src")),n=new URL(t.value),c.test(n.protocol))&&n.host===r.host&&l.activeElement===s&&(d.top.location.href=t.value))}},d.addEventListener("message",d.wp.receiveEmbedMessage,!1),l.addEventListener("DOMContentLoaded",function(){for(var e,t,s=l.querySelectorAll("iframe.wp-embedded-content"),r=0;r<s.length;r++)(t=(e=s[r]).getAttribute("data-secret"))||(t=Math.random().toString(36).substring(2,12),e.src+="#?secret="+t,e.setAttribute("data-secret",t)),e.contentWindow.postMessage({message:"ready",secret:t},"*")},!1)))}(window,document);
</script>

Hallo Herr Golenhofen, seit 2 Tagen nehme ich eine kleine Dosis (3&#215;15 ml) der K.M. und bin positiv überrascht, weil ich herkömmliche Mineralstoff-Ergänzungen bisher nicht gut vertragen habe. Ich vertrage die K.M. sehr gut und werde die Dosis auch langsam steigern. Fühlte mich nach der Einnahme irgendwie energiegeladen. Mir ist allerdings eine sehr seltsame Sache&hellip;
