{"version":"1.0","provider_name":"Agenki - Gesundheitsforum","provider_url":"https:\/\/www.agenki.de\/gesundheitsforum","author_name":"patti83","author_url":"https:\/\/www.agenki.de\/gesundheitsforum\/author\/patti83\/","title":"Seit 6 Monaten starker Ausschlag im Gesicht - Agenki - Gesundheitsforum","type":"rich","width":600,"height":338,"html":"<blockquote class=\"wp-embedded-content\" data-secret=\"7l172rUGow\"><a href=\"https:\/\/www.agenki.de\/gesundheitsforum\/thema\/seit-6-monaten-starker-ausschlag-im-gesicht\/\">Seit 6 Monaten starker Ausschlag im Gesicht<\/a><\/blockquote><iframe sandbox=\"allow-scripts\" security=\"restricted\" src=\"https:\/\/www.agenki.de\/gesundheitsforum\/thema\/seit-6-monaten-starker-ausschlag-im-gesicht\/embed\/#?secret=7l172rUGow\" width=\"600\" height=\"338\" title=\"&#8222;Seit 6 Monaten starker Ausschlag im Gesicht&#8220; &#8211; Agenki - Gesundheitsforum\" data-secret=\"7l172rUGow\" frameborder=\"0\" marginwidth=\"0\" marginheight=\"0\" scrolling=\"no\" class=\"wp-embedded-content\"><\/iframe><script>\n\/*! This file is auto-generated *\/\n!function(d,l){\"use strict\";l.querySelector&&d.addEventListener&&\"undefined\"!=typeof URL&&(d.wp=d.wp||{},d.wp.receiveEmbedMessage||(d.wp.receiveEmbedMessage=function(e){var t=e.data;if((t||t.secret||t.message||t.value)&&!\/[^a-zA-Z0-9]\/.test(t.secret)){for(var s,r,n,a=l.querySelectorAll('iframe[data-secret=\"'+t.secret+'\"]'),o=l.querySelectorAll('blockquote[data-secret=\"'+t.secret+'\"]'),c=new RegExp(\"^https?:$\",\"i\"),i=0;i<o.length;i++)o[i].style.display=\"none\";for(i=0;i<a.length;i++)s=a[i],e.source===s.contentWindow&&(s.removeAttribute(\"style\"),\"height\"===t.message?(1e3<(r=parseInt(t.value,10))?r=1e3:~~r<200&&(r=200),s.height=r):\"link\"===t.message&&(r=new URL(s.getAttribute(\"src\")),n=new URL(t.value),c.test(n.protocol))&&n.host===r.host&&l.activeElement===s&&(d.top.location.href=t.value))}},d.addEventListener(\"message\",d.wp.receiveEmbedMessage,!1),l.addEventListener(\"DOMContentLoaded\",function(){for(var e,t,s=l.querySelectorAll(\"iframe.wp-embedded-content\"),r=0;r<s.length;r++)(t=(e=s[r]).getAttribute(\"data-secret\"))||(t=Math.random().toString(36).substring(2,12),e.src+=\"#?secret=\"+t,e.setAttribute(\"data-secret\",t)),e.contentWindow.postMessage({message:\"ready\",secret:t},\"*\")},!1)))}(window,document);\n<\/script>\n","description":"Hallo liebes Forum, ich bin 28 Jahre vom Beruf Koch und mache leidenschaftlich Kraftsport! Nat\u00fcrlich habe ich auch Proteinpr\u00e4parate und Nahrungserg\u00e4nzungen eingenommen, aber bisher hatte ich nie Probleme damit! Bis ich im Dezember letzten Jahres pl\u00f6tzlich starken Ausschlag\/Akne auf Brust, R\u00fccken und Schultern bekam! Der Hautarzt stellte eine Acne Medicamentosa fest durch die B-Vitamine und&hellip;"}

Hallo liebes Forum, ich bin 28 Jahre vom Beruf Koch und mache leidenschaftlich Kraftsport! Natürlich habe ich auch Proteinpräparate und Nahrungsergänzungen eingenommen, aber bisher hatte ich nie Probleme damit! Bis ich im Dezember letzten Jahres plötzlich starken Ausschlag/Akne auf Brust, Rücken und Schultern bekam! Der Hautarzt stellte eine Acne Medicamentosa fest durch die B-Vitamine und&hellip;
