{"version":"1.0","provider_name":"Agenki - Gesundheitsforum","provider_url":"https:\/\/www.agenki.de\/gesundheitsforum","author_name":"saurer-apfel","author_url":"https:\/\/www.agenki.de\/gesundheitsforum\/author\/saurer-apfel\/","title":"Seit Jahren Bl\u00e4hungen und Bauchschmerzen - Agenki - Gesundheitsforum","type":"rich","width":600,"height":338,"html":"<blockquote class=\"wp-embedded-content\" data-secret=\"Qx3k98KXnn\"><a href=\"https:\/\/www.agenki.de\/gesundheitsforum\/thema\/seit-jahren-blahungen-und-bauchschmerzen\/\">Seit Jahren Bl\u00e4hungen und Bauchschmerzen<\/a><\/blockquote><iframe sandbox=\"allow-scripts\" security=\"restricted\" src=\"https:\/\/www.agenki.de\/gesundheitsforum\/thema\/seit-jahren-blahungen-und-bauchschmerzen\/embed\/#?secret=Qx3k98KXnn\" width=\"600\" height=\"338\" title=\"&#8222;Seit Jahren Bl\u00e4hungen und Bauchschmerzen&#8220; &#8211; Agenki - Gesundheitsforum\" data-secret=\"Qx3k98KXnn\" frameborder=\"0\" marginwidth=\"0\" marginheight=\"0\" scrolling=\"no\" class=\"wp-embedded-content\"><\/iframe><script>\n\/*! This file is auto-generated *\/\n!function(d,l){\"use strict\";l.querySelector&&d.addEventListener&&\"undefined\"!=typeof URL&&(d.wp=d.wp||{},d.wp.receiveEmbedMessage||(d.wp.receiveEmbedMessage=function(e){var t=e.data;if((t||t.secret||t.message||t.value)&&!\/[^a-zA-Z0-9]\/.test(t.secret)){for(var s,r,n,a=l.querySelectorAll('iframe[data-secret=\"'+t.secret+'\"]'),o=l.querySelectorAll('blockquote[data-secret=\"'+t.secret+'\"]'),c=new RegExp(\"^https?:$\",\"i\"),i=0;i<o.length;i++)o[i].style.display=\"none\";for(i=0;i<a.length;i++)s=a[i],e.source===s.contentWindow&&(s.removeAttribute(\"style\"),\"height\"===t.message?(1e3<(r=parseInt(t.value,10))?r=1e3:~~r<200&&(r=200),s.height=r):\"link\"===t.message&&(r=new URL(s.getAttribute(\"src\")),n=new URL(t.value),c.test(n.protocol))&&n.host===r.host&&l.activeElement===s&&(d.top.location.href=t.value))}},d.addEventListener(\"message\",d.wp.receiveEmbedMessage,!1),l.addEventListener(\"DOMContentLoaded\",function(){for(var e,t,s=l.querySelectorAll(\"iframe.wp-embedded-content\"),r=0;r<s.length;r++)(t=(e=s[r]).getAttribute(\"data-secret\"))||(t=Math.random().toString(36).substring(2,12),e.src+=\"#?secret=\"+t,e.setAttribute(\"data-secret\",t)),e.contentWindow.postMessage({message:\"ready\",secret:t},\"*\")},!1)))}(window,document);\n<\/script>\n","description":"Hallo! Ich versuche, mich kurz zu fassen. Ich habe seit Jahren Probleme mit meiner Verdauung und bin langsam am Verzweifeln, weil es anscheinend keine konkrete Ursache gibt. Ich habe inzwischen sehr viel \u00fcber dieses Thema gelesen, und habe gro\u00dfe Angst, dass ich f\u00fcr immer mit meinen Beschwerden leben muss- Wie alles begann: Vor etwa 9&hellip;"}

Seit Jahren Blähungen und Bauchschmerzen - Agenki - Gesundheitsforum

<blockquote class="wp-embedded-content" data-secret="Qx3k98KXnn"><a href="https://www.agenki.de/gesundheitsforum/thema/seit-jahren-blahungen-und-bauchschmerzen/">Seit Jahren Blähungen und Bauchschmerzen</a></blockquote><iframe sandbox="allow-scripts" security="restricted" src="https://www.agenki.de/gesundheitsforum/thema/seit-jahren-blahungen-und-bauchschmerzen/embed/#?secret=Qx3k98KXnn" width="600" height="338" title="&#8222;Seit Jahren Blähungen und Bauchschmerzen&#8220; &#8211; Agenki - Gesundheitsforum" data-secret="Qx3k98KXnn" frameborder="0" marginwidth="0" marginheight="0" scrolling="no" class="wp-embedded-content"></iframe><script>
/*! This file is auto-generated */
!function(d,l){"use strict";l.querySelector&&d.addEventListener&&"undefined"!=typeof URL&&(d.wp=d.wp||{},d.wp.receiveEmbedMessage||(d.wp.receiveEmbedMessage=function(e){var t=e.data;if((t||t.secret||t.message||t.value)&&!/[^a-zA-Z0-9]/.test(t.secret)){for(var s,r,n,a=l.querySelectorAll('iframe[data-secret="'+t.secret+'"]'),o=l.querySelectorAll('blockquote[data-secret="'+t.secret+'"]'),c=new RegExp("^https?:$","i"),i=0;i<o.length;i++)o[i].style.display="none";for(i=0;i<a.length;i++)s=a[i],e.source===s.contentWindow&&(s.removeAttribute("style"),"height"===t.message?(1e3<(r=parseInt(t.value,10))?r=1e3:~~r<200&&(r=200),s.height=r):"link"===t.message&&(r=new URL(s.getAttribute("src")),n=new URL(t.value),c.test(n.protocol))&&n.host===r.host&&l.activeElement===s&&(d.top.location.href=t.value))}},d.addEventListener("message",d.wp.receiveEmbedMessage,!1),l.addEventListener("DOMContentLoaded",function(){for(var e,t,s=l.querySelectorAll("iframe.wp-embedded-content"),r=0;r<s.length;r++)(t=(e=s[r]).getAttribute("data-secret"))||(t=Math.random().toString(36).substring(2,12),e.src+="#?secret="+t,e.setAttribute("data-secret",t)),e.contentWindow.postMessage({message:"ready",secret:t},"*")},!1)))}(window,document);
</script>

Hallo! Ich versuche, mich kurz zu fassen. Ich habe seit Jahren Probleme mit meiner Verdauung und bin langsam am Verzweifeln, weil es anscheinend keine konkrete Ursache gibt. Ich habe inzwischen sehr viel über dieses Thema gelesen, und habe große Angst, dass ich für immer mit meinen Beschwerden leben muss- Wie alles begann: Vor etwa 9&hellip;
