{"version":"1.0","provider_name":"Agenki - Gesundheitsforum","provider_url":"https:\/\/www.agenki.de\/gesundheitsforum","author_name":"jan","author_url":"https:\/\/www.agenki.de\/gesundheitsforum\/author\/jan\/","title":"Seltener Gendefekt - Agenki - Gesundheitsforum","type":"rich","width":600,"height":338,"html":"<blockquote class=\"wp-embedded-content\" data-secret=\"cBsHr6QWqL\"><a href=\"https:\/\/www.agenki.de\/gesundheitsforum\/thema\/seltener-gendefekt\/\">Seltener Gendefekt<\/a><\/blockquote><iframe sandbox=\"allow-scripts\" security=\"restricted\" src=\"https:\/\/www.agenki.de\/gesundheitsforum\/thema\/seltener-gendefekt\/embed\/#?secret=cBsHr6QWqL\" width=\"600\" height=\"338\" title=\"&#8222;Seltener Gendefekt&#8220; &#8211; Agenki - Gesundheitsforum\" data-secret=\"cBsHr6QWqL\" frameborder=\"0\" marginwidth=\"0\" marginheight=\"0\" scrolling=\"no\" class=\"wp-embedded-content\"><\/iframe><script>\n\/*! This file is auto-generated *\/\n!function(d,l){\"use strict\";l.querySelector&&d.addEventListener&&\"undefined\"!=typeof URL&&(d.wp=d.wp||{},d.wp.receiveEmbedMessage||(d.wp.receiveEmbedMessage=function(e){var t=e.data;if((t||t.secret||t.message||t.value)&&!\/[^a-zA-Z0-9]\/.test(t.secret)){for(var s,r,n,a=l.querySelectorAll('iframe[data-secret=\"'+t.secret+'\"]'),o=l.querySelectorAll('blockquote[data-secret=\"'+t.secret+'\"]'),c=new RegExp(\"^https?:$\",\"i\"),i=0;i<o.length;i++)o[i].style.display=\"none\";for(i=0;i<a.length;i++)s=a[i],e.source===s.contentWindow&&(s.removeAttribute(\"style\"),\"height\"===t.message?(1e3<(r=parseInt(t.value,10))?r=1e3:~~r<200&&(r=200),s.height=r):\"link\"===t.message&&(r=new URL(s.getAttribute(\"src\")),n=new URL(t.value),c.test(n.protocol))&&n.host===r.host&&l.activeElement===s&&(d.top.location.href=t.value))}},d.addEventListener(\"message\",d.wp.receiveEmbedMessage,!1),l.addEventListener(\"DOMContentLoaded\",function(){for(var e,t,s=l.querySelectorAll(\"iframe.wp-embedded-content\"),r=0;r<s.length;r++)(t=(e=s[r]).getAttribute(\"data-secret\"))||(t=Math.random().toString(36).substring(2,12),e.src+=\"#?secret=\"+t,e.setAttribute(\"data-secret\",t)),e.contentWindow.postMessage({message:\"ready\",secret:t},\"*\")},!1)))}(window,document);\n<\/script>\n","description":"Hallo, leider wurde bei mir vor kurzer Zeit ein ziemlich schwerer Gendefekt festgestellt. Dabei k\u00f6nnen verschiedene Krankheiten wie Uveitis oder Morbus Chrom ausbrechen. Mich w\u00fcrde nun interessieren, wovon es abh\u00e4ngt, wann diese Krankheiten am ehesten ausbrechen und ob man da als Betroffener selbst eventuell Vorbeugungen treffen kann, damit es nicht zu einem Ausbruch kommt? Vielen&hellip;"}

Hallo, leider wurde bei mir vor kurzer Zeit ein ziemlich schwerer Gendefekt festgestellt. Dabei können verschiedene Krankheiten wie Uveitis oder Morbus Chrom ausbrechen. Mich würde nun interessieren, wovon es abhängt, wann diese Krankheiten am ehesten ausbrechen und ob man da als Betroffener selbst eventuell Vorbeugungen treffen kann, damit es nicht zu einem Ausbruch kommt? Vielen&hellip;
