{"version":"1.0","provider_name":"Agenki - Gesundheitsforum","provider_url":"https:\/\/www.agenki.de\/gesundheitsforum","author_name":"mimmie","author_url":"https:\/\/www.agenki.de\/gesundheitsforum\/author\/mimmie\/","title":"trockene Augen und Haut, faltige Augenlider - Agenki - Gesundheitsforum","type":"rich","width":600,"height":338,"html":"<blockquote class=\"wp-embedded-content\" data-secret=\"8JjHiffpGu\"><a href=\"https:\/\/www.agenki.de\/gesundheitsforum\/thema\/trockene-augen-und-haut-faltige-augenlider\/\">trockene Augen und Haut, faltige Augenlider<\/a><\/blockquote><iframe sandbox=\"allow-scripts\" security=\"restricted\" src=\"https:\/\/www.agenki.de\/gesundheitsforum\/thema\/trockene-augen-und-haut-faltige-augenlider\/embed\/#?secret=8JjHiffpGu\" width=\"600\" height=\"338\" title=\"&#8222;trockene Augen und Haut, faltige Augenlider&#8220; &#8211; Agenki - Gesundheitsforum\" data-secret=\"8JjHiffpGu\" frameborder=\"0\" marginwidth=\"0\" marginheight=\"0\" scrolling=\"no\" class=\"wp-embedded-content\"><\/iframe><script>\n\/*! This file is auto-generated *\/\n!function(d,l){\"use strict\";l.querySelector&&d.addEventListener&&\"undefined\"!=typeof URL&&(d.wp=d.wp||{},d.wp.receiveEmbedMessage||(d.wp.receiveEmbedMessage=function(e){var t=e.data;if((t||t.secret||t.message||t.value)&&!\/[^a-zA-Z0-9]\/.test(t.secret)){for(var s,r,n,a=l.querySelectorAll('iframe[data-secret=\"'+t.secret+'\"]'),o=l.querySelectorAll('blockquote[data-secret=\"'+t.secret+'\"]'),c=new RegExp(\"^https?:$\",\"i\"),i=0;i<o.length;i++)o[i].style.display=\"none\";for(i=0;i<a.length;i++)s=a[i],e.source===s.contentWindow&&(s.removeAttribute(\"style\"),\"height\"===t.message?(1e3<(r=parseInt(t.value,10))?r=1e3:~~r<200&&(r=200),s.height=r):\"link\"===t.message&&(r=new URL(s.getAttribute(\"src\")),n=new URL(t.value),c.test(n.protocol))&&n.host===r.host&&l.activeElement===s&&(d.top.location.href=t.value))}},d.addEventListener(\"message\",d.wp.receiveEmbedMessage,!1),l.addEventListener(\"DOMContentLoaded\",function(){for(var e,t,s=l.querySelectorAll(\"iframe.wp-embedded-content\"),r=0;r<s.length;r++)(t=(e=s[r]).getAttribute(\"data-secret\"))||(t=Math.random().toString(36).substring(2,12),e.src+=\"#?secret=\"+t,e.setAttribute(\"data-secret\",t)),e.contentWindow.postMessage({message:\"ready\",secret:t},\"*\")},!1)))}(window,document);\n<\/script>\n","description":"Hallo Herr Golenhofen, heute mu\u00df ich mich wieder mal an Sie wenden. Seit einigen Jahren habe ich trockene Augen- Lidrandentz\u00fcndung. Als dies begann, fingen auch st\u00e4rkere Verdauungsprobleme an (Bl\u00e4hungen). Ich denke, um diese Zeit herum wurde mir auch eine kleine Amalganplombe ohne Schutz heraus genommen. (Ich habe noch eine winzige, Stecknadelkopfgr\u00f6\u00dfe Amalgamplombe, w\u00e4re es sinnvoll,&hellip;"}

Hallo Herr Golenhofen, heute muß ich mich wieder mal an Sie wenden. Seit einigen Jahren habe ich trockene Augen- Lidrandentzündung. Als dies begann, fingen auch stärkere Verdauungsprobleme an (Blähungen). Ich denke, um diese Zeit herum wurde mir auch eine kleine Amalganplombe ohne Schutz heraus genommen. (Ich habe noch eine winzige, Stecknadelkopfgröße Amalgamplombe, wäre es sinnvoll,&hellip;
